(-8)/(-1200)). What is the highest common factor of 50 and j?
25
Let c = -2 + -126. Let k be c/(-6) - 1/3. What is the greatest common divisor of 189 and k?
21
Suppose 4*b - 23 = -7. Suppose -b*x - 4 = -8. Suppose 4*o + 0*o + x = -5*g, 0 = 5*g + 25. What is the highest common divisor of 12 and o?
6
Let i = 23 - 22. Let z be i/((5/(-13))/(-5)). What is the greatest common factor of 13 and z?
13
Let a(b) = 9*b**2 + 3*b + 2. Let x be a(-2). Suppose l - 5*z - 15 = 0, 63 + x = 2*l + 3*z. What is the highest common factor of l and 20?
20
Suppose 0 = 4*x + x - 5. Let a = 69 - 61. Calculate the highest common factor of a and x.
1
Suppose -g - 63 - 54 = 0. Let y be -1 + -1 - 1*g. Suppose 0 = 4*a - 205 + 21. Calculate the greatest common divisor of y and a.
23
Suppose -5*m + 6 = -2*m. Suppose -28 = -m*a - 6. Let h be 74/6 - 20/15. Calculate the greatest common factor of a and h.
11
Let c be (28/(-8))/(1/(-14)). Suppose k - c = 61. What is the greatest common factor of 11 and k?
11
Let g be (2 - (4/(-4) - -3)) + 400. Calculate the highest common divisor of 16 and g.
16
Suppose -2*o = -2*u + 22, -4*u + 5*o + 53 = 14. Let n(v) = -9*v - 5. Let j be n(-5). Calculate the highest common divisor of j and u.
8
Suppose 0 = 2*p - 4*n - 50, 0*n = p + n - 22. Suppose 4*f = o - 177, -3*f - 5 = 7. What is the highest common factor of o and p?
23
Let f = 15 + -3. Suppose 6 = -3*x - 0. Let r be 16*((-5)/x + -2). Calculate the greatest common factor of f and r.
4
Suppose -4*d = -7*d + 75. What is the greatest common divisor of d and 200?
25
Let z = 9 + -6. Let y be 215/15 + (-1)/z. Suppose 5*m - 98 = 4*m. What is the highest common divisor of m and y?
14
Suppose 2*c = 2*b, 0*c = -4*c - 4*b + 8. Let i(h) = -9 + 2*h - 2*h - h. Let s be i(-11). Calculate the greatest common divisor of s and c.
1
Let f = 225 - -50. Calculate the highest common factor of 25 and f.
25
Suppose 12 = 2*h - 2*d - 70, 3*h + d - 139 = 0. What is the greatest common factor of 15 and h?
15
Let u(q) = -q + 23. Let r be u(15). What is the highest common divisor of r and 72?
8
Let n = 114 + -56. Let f = n - 38. Suppose -5*g + 21 = -19. What is the greatest common divisor of g and f?
4
Suppose 0*j - 96 = -4*j. Suppose -f - 3 = -6. What is the highest common factor of j and f?
3
Suppose -6*u + 175 = -u + 4*p, 0 = 5*u + 3*p - 170. What is the greatest common divisor of u and 248?
31
Suppose 5*h = 97 + 218. Let l = -9 - -16. Calculate the greatest common divisor of h and l.
7
Let g(d) = d**2 + 5*d + 3. Let w be g(-5). Suppose 0 = 4*r - 5 - w. Suppose r*p = -p + 12. Calculate the greatest common divisor of p and 10.
2
Let g(u) = -u**2 - u + 45. Let x be g(5). Suppose 2*r = -4*d + 158, 5 = 2*d + 1. Calculate the highest common divisor of x and r.
15
Let t = -183 - -311. Suppose 480 = 5*b - 5*v, 5*v + t = 3*b - 166. What is the highest common factor of b and 62?
31
Let l = -7 - -11. Suppose -6 = -l*n + n. Let u(h) = -h**3 + 6*h**2 + 4*h - 8. Let p be u(6). Calculate the highest common divisor of n and p.
2
Let p(f) be the second derivative of 0 + 2*f + 2/3*f**3 - 3/2*f**2. Let y be p(3). What is the greatest common divisor of 81 and y?
9
Suppose 4*l - 91 = -2*q + 5*l, 5*l = q - 68. What is the highest common factor of 344 and q?
43
Let t be 2*(-1 - (-24)/2). Let i = -96 + 879. Suppose d + 266 = 4*l - 529, 3*d = -4*l + i. What is the highest common factor of l and t?
22
Let v(i) = 4*i**2 - i + 2. Let z be v(3). Suppose -5*m + 2*d = -584, -4*m - 3*d + 2*d = -462. Let k = m - z. What is the greatest common divisor of k and 9?
9
Let o be ((-60)/50)/(4/(-10)). Suppose 8*f - 1155 = o*f. What is the greatest common factor of f and 21?
21
Let u = 2 + 17. Let h(j) = 5*j**2 + 20*j - 3. Let s be h(-6). What is the highest common factor of s and u?
19
Suppose 5*a + 322 = 4*t - 0*a, -5*a + 146 = 2*t. What is the highest common factor of 26 and t?
26
Suppose 10 = -5*w - 5*n, 0 = 3*w - 0*w + 4*n + 11. Let m = w - -6. Let l = 23 - -4. Calculate the greatest common factor of l and m.
9
Let x = 5 - -140. What is the greatest common divisor of 29 and x?
29
Let s be 12/7 + 4/14. Suppose -2*p + 4*b = -76, b - s*b = 2*p - 71. Calculate the greatest common factor of p and 18.
18
Let k be 1 + 318 + (8 + -7)*-4. What is the highest common factor of k and 35?
35
Let v(a) = -a**3 - 15*a**2 - 15*a - 4. Let m be v(-14). Calculate the highest common factor of 4 and m.
2
Let a = -217 + 307. What is the highest common factor of a and 10?
10
Suppose -3*z - 3*z = -144. Calculate the highest common divisor of 168 and z.
24
Let o(a) = 17*a**3 - 2*a**2 - a. Let l be o(2). Suppose -21 = -3*i + 21. Calculate the greatest common factor of l and i.
14
Let v = -5 - -9. Suppose 0 = -5*j - v*c + 96, -4*c = 3*j - 5*c - 61. Calculate the highest common factor of j and 160.
20
Let d(g) = g**3 + 2*g**2 - 5*g - 3. Let h(y) = y - 1. Let c be h(-2). Let f be d(c). Let l = f - -173. What is the highest common divisor of 16 and l?
16
Suppose -13*d + 163 = -162. What is the greatest common divisor of d and 15?
5
Suppose 5*s - 119 - 91 = 0. Suppose 5*i - 3*u - 80 = 0, -5*u - s = -2*i - 10. What is the highest common divisor of 8 and i?
8
Suppose 4*r = 37 + 51. Suppose 5*l + 17 - 115 = -4*u, 2*l + u = 41. Calculate the greatest common divisor of r and l.
22
Suppose 0 = -2*o + 4*c - c + 336, 2*c - 821 = -5*o. Calculate the greatest common divisor of o and 15.
15
Let z be ((-210)/18)/(1/(-6)). What is the highest common divisor of 10 and z?
10
Let o be (9/2 + -3)/(6/16). What is the highest common factor of o and 16?
4
Let i(v) = v + 11. Suppose 0 = -2*q - 2*r - 28, 3*q - r + 25 + 29 = 0. Let h = q + 11. Let x be i(h). Calculate the greatest common factor of x and 45.
5
Suppose -4*s - 303 = -3*s. Let v = s - -600. What is the greatest common divisor of v and 27?
27
Let q = -4 + 4. Suppose -4*c = -5*l + 45 - 17, q = 4*c + l + 4. Let z = 1 - c. Calculate the greatest common factor of z and 15.
3
Let r(t) = -5*t - 1. Let c be r(-9). What is the highest common factor of c and 396?
44
Suppose -26 = r - 5*r - 5*c, 0 = 2*r + 4*c - 16. Suppose r*l = f + 73, 3*f + 20 = l + f. What is the greatest common divisor of l and 72?
18
Let f(p) = p**3 + 6*p**2 - 9*p - 9. Let u be f(-7). Let c be (4/(-2))/((-10)/25). Suppose c*r - 41 = 34. What is the greatest common factor of u and r?
5
Let v be (-26)/(-4) - 3/(-6). Let x be 1*33 - (0 + 0). Suppose 159 - x = 2*u. What is the greatest common factor of v and u?
7
Let b = -14 + -4. Let z be (-9)/(b/44) + -2. Let o be (-2)/4 - (-21)/2. Calculate the highest common factor of o and z.
10
Suppose 4*w - 100 = a + 4*a, 5*w - 4*a = 116. Let x be (-1)/(-2) - w/(-8). Calculate the greatest common factor of 24 and x.
3
Let b(y) = 3*y**2 - 26*y + 3. Let m be b(9). What is the highest common factor of m and 48?
12
Suppose 608 = 3*u - 4*m, -5*u + 2*u + 592 = 4*m. Calculate the highest common factor of u and 40.
40
Let h = -18 - -19. What is the greatest common factor of 11 and h?
1
Let q(n) = -n**3 - 17*n**2 + 13*n - 9. Let b be q(-18). Calculate the highest common divisor of 54 and b.
27
Let j(s) = s**3 - 5*s**2 - 7*s + 8. Let h be j(6). Let x = 6 - 1. Suppose -4*n - 84 = -f - 3*f, -f = -x*n - 41. Calculate the greatest common factor of h and f.
2
Let a be ((-4)/(-3))/(-2 - 0)*-18. Suppose -3*k + 240 = -84. Calculate the greatest common divisor of k and a.
12
Let z(w) = -w**2 + 9*w + 4. Let v be z(9). Let g be v/((-36)/33)*-3. Suppose 0*q - 5*q = -275. Calculate the highest common factor of q and g.
11
Suppose -2*v = v - 2*y - 86, -v + 2*y = -34. What is the greatest common divisor of 26 and v?
26
Let m = 2 - -3. Suppose -p - m*k = 2, 2*p + p + 2*k = 7. Let o be ((-13)/p)/(1/(-3)). What is the highest common divisor of o and 39?
13
Suppose 3*j = 5*z + 2*j - 2, 0 = -4*z + 3*j - 5. Let h be 1 + 14 - (2 + z). Calculate the highest common factor of h and 48.
12
Suppose -5*i + 0*i + 140 = 0. Suppose 5*l = 26 + 184. Calculate the greatest common factor of i and l.
14
Let r(s) = -s**2 + 4*s - 2. Let o be r(2). Suppose -260 = l - 6*l. Suppose -o*u + w + 31 = 2*u, 5*w = -3*u + l. What is the highest common factor of 1 and u?
1
Let r(s) = -2*s - 9. Suppose -12 = 3*k - 3*h, -3*k + 0*h - 42 = 3*h. Let o be r(k). Calculate the greatest common factor of 36 an